181. Let t(o) = -6*h(o) + 11*i(o). What is t(7)?
5
Let c = 1885 + -1891. Let x(m) = m**2 - m. Let n(g) = g**3 + 10*g**2 + 3*g + 4. Let u(w) = -n(w) + 2*x(w). What is u(c)?
-46
Let u be ((-1)/3)/((-2)/12). Suppose -48*i = -26*i. Suppose i = u*n - 5*n - 3. Let s(v) = 4*v**3 - v**2 - 2*v - 1. Calculate s(n).
-4
Suppose -2*u = -3*g + 1, 2*g = 4*u - 8 - 2. Let c(f) = -5 + 3*f + u + 2 + 2*f**2. Let k = -2683 + 2680. Determine c(k).
10
Suppose 3*g + 3*g = -0*g + 7*g. Let j(h) = 2*h + h - 1 - 2*h + 23. Give j(g).
22
Let x be 1/(-4) + ((-162)/(-8))/9. Let a(v) = -5*v + 6. Let u(w) = 17*w - 19. Let z(b) = x*u(b) + 7*a(b). Suppose 0 = -4*i + 13 + 11. Give z(i).
-2
Let v(d) = 18*d - 7*d**3 - 17 - 13*d**2 + 3*d**3 - d**3 + 6*d**3 + 23*d**2. Let w be v(-7). Let r(i) = i**3 - 2*i**2 - 7*i - 3. Calculate r(w).
1
Suppose 106*m - 660 = 40*m. Let s(d) = d**3 - 12*d**2 + 24*d - 33. Give s(m).
7
Let n(o) = -o**2 + 8*o + 12. Let z = -22 + 27. Suppose -4*g + 69 = 5*c + 16, z*c - 2*g = 41. Calculate n(c).
3
Let r(k) = 72 + 2*k**2 - 202 - 4*k**2 + 4*k**2 - 55*k + 93. What is r(28)?
-9
Let d(p) = 122*p**2 + 135*p**2 + 2*p + p**3 - 266*p**2 - 6*p - 35. Give d(8).
-131
Let v = 11 + -14. Let j(o) = -7*o**2 - 2*o - 2. Let n(i) = i**3 - 4*i**2 - 3*i + 2. Let b(z) = j(z) - n(z). Give b(v).
-7
Let g be (-5 - -9)/(-1 - -2). Suppose -6*y = -5*y - 5*b + g, 5*y = 5*b. Let x(a) be the second derivative of -2*a**3/3 + a**2/2 - 8*a. Give x(y).
-3
Suppose -253 = v - u - 254, v - 5*u = -11. Let l(i) = -i**3 + 5*i**2 - 10*i + 1. Give l(v).
-23
Let m(j) = 4*j + 3. Let t(h) = -h**3 - 4*h**2 - 15*h - 38. Let d(q) = q**3 - 11*q**2 + 16*q + 15. Let c be d(9). Let g be t(c). Determine m(g).
-5
Let d(t) be the third derivative of t**4/4 + 15*t**3/2 + 1031*t**2. Calculate d(-7).
3
Suppose -4*d - 2*o = -34, 25 = 67*d - 64*d + 2*o. Let f(j) = j**2 - 3*j - 65. What is f(d)?
-11
Let d be -2 - -14 - ((5 - 5) + 4). Suppose -15 = -d*m + 1. Let s(x) = -2*x**2 + 1. Calculate s(m).
-7
Let t(g) = 5*g**3 + 67*g**2 - g + 39. Let y(n) = -n**3 - 13*n**2 - 8. Let w(l) = 2*t(l) + 11*y(l). Suppose 4*x - 13 = a, -6*a + a - 3*x - 42 = 0. What is w(a)?
8
Let i(z) = -5*z**2 + 14*z + 14. Let r(f) = 3*f**2 - 7*f - 7. Let w(u) = 4*i(u) + 7*r(u). Let y(p) = -3*p**2 + 14*p. Let x be y(5). Calculate w(x).
-3
Let p(d) = 4 + 0 + d + 0*d. Let h(u) = 2*u**2 + 11*u - 6. Let j be h(-6). Suppose 2*m - 4*g + 2*g + 8 = j, 5 = -5*g. What is p(m)?
-1
Let t(d) = -d - 1. Let k be 1*3/(-8) - (-1683)/264. Suppose 4*x - 14 = -3*f, 2*f - 2*x = 4*f - k. What is t(f)?
1
Let r(b) = -10*b**2 - 13*b**2 - 3*b**2 + 47*b**2 - 3*b - 12 + 17*b**2. What is r(-2)?
146
Let y(u) = -u**2 + 4*u + 440. Let b be y(-19). Let h(f) be the second derivative of -7/2*f**2 + 0 - 15*f + 1/3*f**b - 1/20*f**5 + 1/2*f**4. What is h(6)?
5
Let b be 5/(-2)*((-16)/(-6))/((-2920)/876). Let k(o) = o**3 - 4*o**2 + 8. What is k(b)?
0
Suppose 4*o - 22 = -6. Let s(a) = 4*a - o*a - a. Suppose 3*v + 0*v - 15 = 2*r, 0 = 5*v - 4*r - 23. Give s(v).
-7
Let s(h) be the second derivative of 7*h**4/6 - h**3/3 + h**2/2 - 7078*h. Let w = 2 + -1. What is s(w)?
13
Suppose -3*r = -5*o + 1858, 3*r - 2064 = -4*o - 583. Suppose 358*v = o*v. Let i(k) = -k**2 + k - 46. What is i(v)?
-46
Let m be (-6)/(-1)*330/(-660). Let g(l) = l - 24. What is g(m)?
-27
Suppose -2 = -h, -3*z + 3*h = -0*z - 12. Let q(c) = c**3 + z + 9*c + 47124*c**2 + 0*c - 47116*c**2. Calculate q(-7).
-8
Let a(p) = 45*p - 29*p**2 - 11*p + p**3 - 11*p + 12 + 54*p**2 + 2*p. Calculate a(-24).
-12
Let w(q) = 1 + 7*q**3 + 80*q - 3*q**3 - 69*q + 5*q**2. Let h(j) = -5*j**3 - 6*j**2 - 14*j - 2. Let p(v) = 3*h(v) + 4*w(v). Calculate p(-2).
-6
Suppose -c + 6 + 7 = -3*s, 3*s = -2*c - 1. Let n(b) be the third derivative of -7*b**4/24 - b**3/2 + 3*b**2 - 11. What is n(c)?
-31
Let z(y) = 5*y**2 + 61*y - 115. Let q be z(-14). Let s(x) = -x**3 + 27*x**2 - 175*x - 5. Give s(q).
6
Suppose 4*l = -4*j + l - 4, -j = 3*l + 1. Let m(b) be the second derivative of 0 + 3*b - 1/12*b**4 - 1/2*b**2 - 1/3*b**3. Determine m(j).
0
Let j(u) = -u**3 - 4*u**2 - 4*u. Let v(a) = a**3 + 3*a**2 - a - 2. Let h be v(2). Let w(f) = -f**2 + 17*f + 19. Let y be w(h). Let s = y - 38. Determine j(s).
3
Let u(z) = 7*z - 37. Suppose -33*l + 66 + 104 = l. Determine u(l).
-2
Let f(r) = r**2 + 4*r - 1. Suppose -2*u - 7 = -9. Let n be (-21)/(-84) - u/(-4)*-21. Let l(s) = -s**2 - 5*s + 2. Let q(i) = n*f(i) - 4*l(i). Determine q(0).
-3
Let s be (1 + 89/(-87))*3 - (-785)/870. Let o(d) be the second derivative of s*d**3 - d**2 + 0 + 1/12*d**4 - 6*d. Determine o(-4).
-6
Let o(h) = -154 - 140 + h**2 - 137 + 432 - 17*h. What is o(7)?
-69
Suppose 3*l + 5*d + 22 = 0, -4 - 4 = -3*l + d. Let p be (-9)/(-12)*l*(-4)/(-3). Let b(v) = 3*v**2 + 2*v - 1. Give b(p).
4
Suppose 2*o = 4*h - 6, -3*o = -3*h - 4*o + 17. Let l be -10*((-66)/12 + 5). Let b(x) = 6*x - 2. Let w(s) = -9*s + 4. Let z(g) = l*w(g) + 8*b(g). What is z(h)?
16
Let p(f) = 6*f**2 - 10*f + 2. Let v(x) = 20*x**2 - 61*x + 3. Let b(t) = 2*p(t) - v(t). Calculate b(7).
-104
Let s(c) be the third derivative of 11*c**4/4 + 2*c**3/3 - 1329*c**2 - 2. What is s(0)?
4
Let l(f) = -5*f + 6. Suppose -6*d = 7*d + 42 - 107. Give l(d).
-19
Let x(p) be the third derivative of p**5/60 - p**4/6 - p**3/3 - 4*p**2. Suppose 15*y = 9*y + 12. Suppose 3*s = 3*j - 18, 7*s - 2*s = y*j - 9. Give x(j).
19
Let j(o) = o**3 + o**2 - o + 8. Suppose -24*h = 1941 - 1821. Calculate j(h).
-87
Let d(f) = -12*f - 40. Let v(w) = -105*w - 4. Let y be v(0). Give d(y).
8
Let j(z) be the first derivative of z**4/4 - 2*z**3 + 3*z**2 - z - 4369. Suppose 0 = 3*c + 5*o - 40, -2*c = -7*c - o + 30. What is j(c)?
4
Let f(c) = -1. Let q(n) = n - 5. Let m(i) = i**2 - 20*i + 95. Let g be m(8). Let z(s) = g*q(s) + 4*f(s). Calculate z(4).
-3
Let b(g) = 199*g + 2199. Let c be b(-11). Let i(o) = 2*o**3 - 20*o**2 - 5*o + 46. Give i(c).
-4
Let b(c) = -7*c - 68. Let w(u) = -52*u + 3214. Let j be w(62). What is b(j)?
2
Let q(z) be the first derivative of z**2 - 9*z - 6604. Let u = 6 - 3. Give q(u).
-3
Let s be -31 + (-57 - -34) - (0 + -5 + 1). Let b(r) = -4*r**2 - 199*r + 42. What is b(s)?
-8
Let i(v) = v**3 + 3*v**2 - 14*v - 4. Let u = 38 - 36. Let y(z) = 2*z**u + z**3 - 2 - 3 + 2*z**2 - 13*z. Let t(d) = -4*i(d) + 5*y(d). Determine t(-9).
-9
Let n(z) = 11*z**3 - 21*z**2 + 12*z + 14. Let j(u) = 42*u**3 - 83*u**2 + 46*u + 55. Let c(x) = 6*j(x) - 23*n(x). Determine c(-15).
8
Let l(f) be the first derivative of 0*f**2 + 55 - f - 7/3*f**3. Let k(t) = -2*t**2 + 9*t - 3. Let c be k(4). Give l(c).
-8
Let c(k) be the second derivative of -k**5/20 + 13*k**4/12 - 3*k**2 - k. Let j = 1281 - 1281. Suppose j = -71*o + 67*o + 52. What is c(o)?
-6
Let d(v) = v + 6. Let j be d(-8). Let a(r) be the third derivative of -r**6/60 - r**5/60 + 539*r**2. Determine a(j).
12
Let c = -801 - -789. Let b(h) = h**2 + 10*h - 31. Calculate b(c).
-7
Let z(v) = -v - 16. Let c be -6 - (16 - 5/(-6 - (-34)/4)). Calculate z(c).
4
Suppose 4*l - 380 = 5*o - 393, o + 7 = 0. Let i(t) = -t**3 - 13*t**2 - 13*t - 5. Determine i(l).
7
Suppose 0 = 4*c - 5*i - 28, i - 21 = -3*c + 5*i. Let z(g) = 0 - c + 14*g**3 + g**2 - 13*g**3. Give z(0).
-7
Let l(s) = -s**3 - 6*s**2 + 11*s + 4. Let z be (-34)/6 - 96/72. Give l(z).
-24
Let p(f) = -10*f**2 - 19*f - 4*f**2 + f**2 - 16*f + 5 + 37*f. Determine p(-1).
-10
Let c(u) be the first derivative of -3*u**2/2 - 23*u + 1115. Determine c(-14).
19
Suppose 5*s = -5*w - 35, 0 = 7*s + 2*s + 5*w + 39. Let j(r) be the third derivative of 0 - 1/6*r**3 + 0*r - 1/3*r**4 - r**2. Calculate j(s).
7
Let a(f) = 20106*f + 20097*f - f**2 - 40196*f + 31. Give a(9).
13
Let t = 1691 - 509. Let r(c) = -3 + 0*c - c - 4*c**2 - 1183*c**3 + t*c**3. What is r(-3)?
-9
Let u(q) = -4*q + 1. Let f(l) = -17*l + 4. Let n(h) = -f(h) + 5*u(h). Let m(o) = -4*o + 3*o - 3*o + 7. Let k be m(2). Determine n(k).
4
Suppose 25*y = -64*y + 172 + 95. Let d(q) be the second derivative of 1/2*q**2 + 0 - q - 1/3*q**y + 1/4*q**4. Determine d(1).
2
Suppose 0 = 5*h + 5*u + 91 - 156, h - 3*u = 5. Let x(s) = 3*s - 32. What is x(h)?
1
Let o(t) = 3*t**2 - 5*t - 2*t**2 + 2*t. Let l be o(3). Let m(u) = 6 - 28*u + 7*u + 17*u + 3*u. Calculate m(l).
6
Let o(j) = -5. Let z(f) = 1. Let k(g) = o(g) + 3*z(g). Let v(y) = 3*y + 6. Let u(l) = -5*k(l) - v(l). What